e (5/20 + c)*-4. What is the tens digit of u(y)?
1
Let k(u) = 3*u**2 - 14*u + 13. Suppose 37 - 12 = 5*p. Let w be k(p). Suppose w = -z + 173. What is the hundreds digit of z?
1
Let b(s) = 4123*s + 1515. What is the hundreds digit of b(6)?
2
Let k(l) = -3*l + 104. Suppose 0 = 3*n - 59 - 31. Let d be k(n). Let v = d + 28. What is the units digit of v?
2
Let j(o) = -o**3 + 5*o**2 - 2*o - 2. Let n be j(4). Suppose -g + n*g + 3758 = -u, 3*g - 3*u = -2262. What is the units digit of g/8*(-2 - 0)?
8
Let y = 322 - -115. Let k = 755 - y. What is the hundreds digit of k?
3
Let y(d) = d**3 + 24*d**2 - 30*d - 25. Let t be y(-25). Suppose 6*g + t = -260. Let m = g - -116. What is the units digit of m?
6
Suppose -20*w + 61200 = -5*w. Suppose 13*p = 21*p - w. What is the units digit of p?
0
Let r(z) = -z**2 + 15*z - 1. Let q be r(15). Let a = q + 9. Suppose 0 = -a*i + 681 - 201. What is the units digit of i?
0
Suppose 10 = 9*j - 4*j. Let x(r) = -229*r + 4 + 225*r - 6*r**j + r**2 + 3*r**3 - 4*r**3. What is the units digit of x(-6)?
4
Suppose 3*r - 2*r = 2. Let i be (r - 2)*(-3 + 4 + 0). Let m(h) = -h**3 - 2*h**2 + 124. What is the hundreds digit of m(i)?
1
Suppose 0 = 4*t - 3*j - 64 - 30, 81 = 3*t + 3*j. Suppose 5*w + t = 0, 5 = -2*y - 3*y - 5*w. Suppose -y*o + 118 = -62. What is the tens digit of o?
4
Suppose 7*k + 17*k + 4*k = 1004108. What is the units digit of k?
1
Let a(m) = 10*m**2 + 10*m + 12. Let y be a(-7). Suppose 0 = u - 4*s - y, 424 = u - s + 5*s. What is the tens digit of u?
2
Let f(y) = y**2 - 11*y + 4. Let t be f(14). Suppose -j - 3*p = -15, 3*j - j + p = 45. Let a = t - j. What is the units digit of a?
2
Suppose -3956 - 3644 = -2*f - 5*n, 4*n - 11400 = -3*f. What is the tens digit of f?
0
Let w(j) = -2263*j - 1012. What is the thousands digit of w(-18)?
9
Let z = -18811 - -28534. What is the tens digit of z?
2
Suppose 14272 = 4*h - 2*v, 119*h = 120*h - 4*v - 3575. What is the thousands digit of h?
3
Let n be (1 - (-5)/(-7)) + 164/14. Suppose n*k = 133 + 119. What is the units digit of k?
1
Let s(z) = 63*z - 39. Let p(a) = -a**2 - 6*a - 2. Let g be p(-3). What is the tens digit of s(g)?
0
Let l be 160/35 + 3/7. Suppose 291 + 709 = l*f. Let q = f - 95. What is the units digit of q?
5
Let r = 153 + -159. What is the units digit of 1160/24*9/r*-8?
0
Let y(m) = m**3 + 2*m**2 - m + 3. Let u be y(-2). Let c(q) = q**2 - 11*q + 33. What is the units digit of c(u)?
3
Suppose 3*p - 208 = -5*p. Let b(h) = -2*h - p + h**2 + 22 - h. What is the tens digit of b(-6)?
5
Suppose 5*h + z = 2*h - 20, -2*z + 20 = -4*h. Let g(r) = 5*r + 33. Let b be g(h). What is the tens digit of (194/12 + 12/8)*b?
5
Suppose -4 = -r - 1. Suppose -2*q - r*x - 66 = 6, x = 0. What is the units digit of 15/(-10)*q*1?
4
Let z(h) = 3*h + 5. Let a be z(-3). Let j be (-3 - -1) + 32/(-2)*a. Let b = -26 + j. What is the units digit of b?
6
Let d(i) = -i**2 + 18*i + 13. Suppose 3*r + 3*h = 18, -6*h + 20 = 4*r - 3*h. Suppose -2*t - x = -32, 3*t = -2*t + r*x + 62. What is the tens digit of d(t)?
6
What is the ten thousands digit of (-53157)/117*(1 + -33 - 1)?
1
Let k = 199 - 92. Suppose 5*o + 341 = -9. Let v = o + k. What is the tens digit of v?
3
Suppose -138*i + 141*i - 642 = 0. Let l = i - 48. What is the units digit of l?
6
What is the ten thousands digit of (20 - -518)*((-6)/(-4))/(15/460)?
2
Let i be -7 - ((-2)/(-2) - 6). Let x be (2/(-4))/((-1)/6). What is the units digit of 60 + i + -1 + x?
0
Suppose -22*w = -6*w - 134272. What is the units digit of w?
2
Suppose -134*u + 11121341 + 30273 = 0. What is the hundreds digit of u?
2
Suppose 2*u + 3*l - 209 = 38, -605 = -5*u - 5*l. Let x = u - 79. Suppose 66 = -36*g + x*g. What is the tens digit of g?
6
What is the hundreds digit of 3 + 35336 + 3 - (-59 + 57)?
3
Suppose -45*o + 34223 = -60412. What is the units digit of o?
3
Suppose 2*d - 2*f - 170945 = -47819, 0 = -5*d - 5*f + 307735. What is the tens digit of d?
5
Suppose 31*o + 124145 - 456547 = 1148747. What is the ten thousands digit of o?
4
Let f(g) = 2*g**3 - 11*g**2 + 18*g. Let q be f(8). Let b = q - 190. What is the tens digit of b?
7
Let n be (11 + -3)*(-3 - -4). Suppose n*a = 9*a - 330. What is the hundreds digit of a?
3
Let u(j) = 34*j**2 - 36*j - 46. What is the thousands digit of u(-9)?
3
Let d be (-12 + 8)*1 - 26/1. Let r(f) = -f**2 - 43*f + 48. What is the units digit of r(d)?
8
Suppose 383*i = 385*i - 78. Suppose i*c - 16*c - 16560 = 0. What is the tens digit of c?
2
Let j(t) = -626*t + 251. What is the hundreds digit of j(-10)?
5
Suppose 369*z + 2950425 = 450*z. What is the hundreds digit of z?
4
Let a(b) = 15*b**3 + b**2 - b + 6. Let k(n) = n + 12. Let r be k(-10). Let h be a(r). Suppose -5*s - h = -813. What is the units digit of s?
7
Let o = 20846 - 8866. What is the ten thousands digit of o?
1
Suppose -5*k - 36110 = -5*b, k + 21662 = 20*b - 17*b. What is the hundreds digit of b?
2
What is the tens digit of 66*(4/18)/((-12)/(-3366))?
1
Let g(n) = n**3 - 35*n**2 + 122*n - 68. What is the units digit of g(32)?
4
What is the hundreds digit of (-42 + 54)*(-94972)/(-48)?
7
Suppose -9*c + 31 + 5 = 0. Suppose 0 = v - c*v + 318. Suppose 4*h - v - 14 = 0. What is the units digit of h?
0
Let z(j) = -334*j + 1312. What is the thousands digit of z(-14)?
5
What is the thousands digit of ((-2)/4)/((-36)/308160)?
4
Let b = 84 + -82. Suppose 6*i = -b*i + 64. What is the units digit of i?
8
Let r be 20/10 - ((2 - 4) + -1). Suppose -4*c - 261 + 1289 = 0. Suppose c = r*h - 13. What is the tens digit of h?
5
Suppose 0 = -9*w - 3*q + 557041 + 7130, -2*q + 313429 = 5*w. What is the thousands digit of w?
2
Let o(k) = 439*k**3 + 2*k**2 - k. Let l(x) = -x**3 - 30*x**2 + 1. Let g be l(-30). What is the units digit of o(g)?
0
Suppose 56*u - 61*u + 4220 = 0. Suppose u + 1140 = 4*o. What is the hundreds digit of o?
4
Let g(j) = 120*j - 72. Let s(l) = -122*l + 74. Let h(f) = -6*g(f) - 5*s(f). What is the hundreds digit of h(-4)?
5
What is the tens digit of (321/(-2))/(20 + (-42090)/2100)?
4
What is the units digit of 15 + (-4 - (-25590 + 0))?
1
Suppose 123*u = 31*u + 290536 - 33028. What is the units digit of u?
9
Let w(p) = p + 12. Let n = 27 + -32. Let d be w(n). Suppose -204 = t - d*t. What is the units digit of t?
4
Let o = -42449 - -75138. What is the ten thousands digit of o?
3
Let o = 413 - 418. What is the tens digit of (o - -17)/(75/10)*205?
2
What is the thousands digit of (6/(-7))/(179/(-484911))?
2
Suppose 16 = 3*g - 8. Suppose -g = -6*x + 10. Suppose 0 = q - 2*q - n + 27, 0 = -x*q - n + 75. What is the units digit of q?
4
Let z = -21 - -24. Suppose -z*i + 58 = -32. What is the hundreds digit of (-12)/i + (-12)/(-5) + 119?
1
What is the tens digit of 866184/272 + (-1)/(-2)?
8
Let q = 21 + 1493. Let d = q - 963. What is the tens digit of d?
5
Let d = 1549 - 526. Suppose 4*j = -j - 3*q + d, 407 = 2*j - q. Let p = 288 - j. What is the units digit of p?
4
What is the units digit of (-14*(-1162)/12)/((-32 - -31)/(-3))?
7
Suppose 0 = -18*p + 5*p + 39. Suppose 132 = p*g - 5*g. What is the units digit of -1 + 238/3 + 22/g?
8
Let c be 64/12 + (-1)/3 + 0. Suppose -d = c*n - 6, -n = -2*n - 3*d - 10. Suppose 2*k + 89 = n*i - 239, 0 = -i - k + 164. What is the units digit of i?
4
What is the units digit of 4607/2*7/((-49)/(-14))?
7
Suppose -19*n + 13704 = 2646. Suppose -22*o + 23*o = -5*p + n, 3*o + 3*p = 1770. What is the tens digit of o?
9
Suppose -23*v + 813010 = -4*v. What is the ten thousands digit of v?
4
Suppose -14 = -4*t - 2*a, 2*t + 9 - 7 = 2*a. Suppose -8*m + 3*m - t*h = -3015, -4*h = -5*m + 3045. What is the units digit of m?
5
Let t(a) be the second derivative of -a**4/12 + 5*a**3/3 - 5*a**2 + 15*a. Let x be t(5). Let i = x - -11. What is the units digit of i?
6
Let d(x) = x**2 + 3*x - 5. Let p(k) = -k**3 + 18*k**2 - 3*k + 45. Let a be p(18). Let q be d(a). Suppose b - q = 20. What is the units digit of b?
9
Suppose -31*s + 0*s - 3379 = 0. What is the units digit of (-2)/1 - (s - (-11 - -6))?
2
Let t(i) be the first derivative of i**3/3 + i**2/2 + 1. Let k(q) = -6*q**2 - 3*q + 7. Let l(g) = -k(g) - 5*t(g). What is the units digit of l(4)?
1
Let t = 2574 + 2002. What is the units digit of t?
6
Let m(i) = -68*i - 183. Let x(b) = 6*b - 181. Let k be x(27). What is the units digit of m(k)